-0*w + 4*w + d. What are the prime factors of s(w)?
2, 3
Let d be (-3)/(-5) + 4/10. Let q be (d - 0 - -14)*1. What are the prime factors of (7 - -1)*q/10?
2, 3
Let d(x) = -x**2 + 8*x - 4. Let f be d(7). Suppose -f*t + 8 = 4*k, -k + 3 - 1 = 4*t. What are the prime factors of 3 + 0/k + -1?
2
Suppose 394 = 2*h - 2*b - b, -3*h - 5*b + 591 = 0. What are the prime factors of h?
197
Let l = 991 + -658. What are the prime factors of l?
3, 37
Let j be 3/((-6)/110) - 1. Let n = -91 - -52. Let r = n - j. What are the prime factors of r?
17
Let s(d) = -d**3 - 9*d**2 - 9*d - 8. Let v be s(-8). Suppose 5*i - 11 - 4 = v. Suppose 0 = 4*t + i*c + 4 - 26, 16 = 2*t + 4*c. What are the prime factors of t?
2
Suppose -39 - 20 = -c - 2*g, 5*c - 230 = 3*g. What are the prime factors of c?
7
Suppose 141 = 5*n - j, j - 120 = 2*n - 6*n. What are the prime factors of n?
29
Let f be 2 - (2 - (-2)/(-1)). Suppose -42 = -4*w - 2*q + 4*q, -5*w + 39 = f*q. Let v(i) = -i**3 + 8*i**2 + 9*i + 10. What are the prime factors of v(w)?
2, 5
Suppose 3*n + 0*n - 9 = 0. Suppose 2*k - 6 = v - n, -6 = 3*v - 5*k. Suppose -o + 4*t = 2*o - 46, -2 = o + v*t. What are the prime factors of o?
2, 5
Suppose 2 = 5*j - 3*f - 2, -5 = -j + 2*f. Let p be ((-8)/(-2))/(1/j). List the prime factors of 9 + 1/(-2)*p.
11
Let d(t) = -t**3 + 2*t**2 + 3*t. Let i be d(3). Suppose i*h + 32 = 2*h. Suppose -2 = -2*w + h. List the prime factors of w.
3
Let g = 10 + -9. What are the prime factors of g/3 - 62/(-3)?
3, 7
Let v(c) = -c**3 + 17*c**2 - 8*c - 8. What are the prime factors of v(16)?
2, 3, 5
Suppose 7 = 5*r - q - 19, -2*r - 2*q = -8. Suppose r*f + 25 = 2*m + 6, 3*m - f = 35. What are the prime factors of m?
2, 3
Let s be -4 - ((-8 - 0) + 4). Suppose 3*i - v - 15 = -2*i, 5*i + 5*v - 15 = 0. List the prime factors of s + (-1 + 28)/i.
3
Let y be 3*(2 - 3 - -7). List the prime factors of (-1 + 3/2)*y.
3
Suppose 1 + 5 = -2*i. Let u(m) = -m + 1. Let r be u(i). Suppose 10 = -5*l - r*y, 5*y + 6 = 3*l - 25. List the prime factors of l.
2
Let c(o) = o**2 - 4*o - 8. Let k be c(6). Suppose 0*v = 3*w + 5*v - 80, -k*w + 128 = -4*v. What are the prime factors of w?
2, 3, 5
Let k(w) = -w**3 + 2*w - 1. Let p be k(-2). Suppose 60 = p*o + o. List the prime factors of o.
3, 5
Suppose 23 = 4*m - 3*r, 3*r + 11 = -4. Suppose t - 78 = 4*w - 201, m*w - 5*t = 75. What are the prime factors of (-9)/12 - w/(-8)?
3
Suppose 0*q - 4*q + 2*m + 6 = 0, 2*q = 2*m + 6. List the prime factors of 15/2*(2 - q).
3, 5
Let k = -9 - -9. Suppose 0*d - 4*d + 24 = k. List the prime factors of d.
2, 3
Let o = -13 + 8. Let s = o - -11. List the prime factors of s.
2, 3
Let p(z) = 78*z + 2. What are the prime factors of p(3)?
2, 59
Let b = -147 + 225. List the prime factors of b.
2, 3, 13
Suppose 2*q - 1 + 13 = -w, -5*w + 12 = -2*q. Let y be q/(-15) + 114/15. Suppose 4*f - 56 = -y. What are the prime factors of f?
2, 3
Let l be ((-3)/2 + 0)*-2. Let y be (l + 9/(-6))*-14. Let k = y + 36. What are the prime factors of k?
3, 5
List the prime factors of 2 + 5 - 3 - (3 - 77).
2, 3, 13
Let p = 17 + -9. Let r(b) = -9*b + 8*b + b**2 - 8*b + 11. List the prime factors of r(p).
3
Let c(u) = -u**2 + 14*u + 3. What are the prime factors of c(7)?
2, 13
Let d = 76 + 37. What are the prime factors of d?
113
List the prime factors of (-282)/9*9/(-6).
47
Suppose 5*u - t - 5 = -0, 4*u + 2*t = 18. Suppose u*c = 17 - 3. List the prime factors of c.
7
Let y(l) = 23*l**3 - l. Let b be y(1). Let m = -11 + b. What are the prime factors of m?
11
Suppose 0*i + 2*i = 28. Suppose 0 = 2*h - o - 33, -3*o - i + 5 = 0. List the prime factors of h.
3, 5
Let n(c) = -12*c - 15. List the prime factors of n(-6).
3, 19
Let n(p) = 29*p**2 + 1. What are the prime factors of n(-1)?
2, 3, 5
Suppose a = -3*k + 16, -a + 0*a + 1 = 0. Suppose 0 = 5*i + k, 3*x = -0*x + 5*i + 20. List the prime factors of x.
5
Suppose 2*z - 5 = -1. Let b(p) = 4*p**2 - p - 5. Let f(k) = 3*k**2 - k - 4. Let i(a) = 4*b(a) - 5*f(a). What are the prime factors of i(z)?
2, 3
Suppose 2*j = -2*j + 68. List the prime factors of j.
17
Suppose -58 = -2*i - 0*i. Let l(h) = 2*h - 2. Let t be l(2). Suppose -t*q = 3*o - i, 5*o - 4*q - 35 - 50 = 0. List the prime factors of o.
13
Let h = 105 - 59. List the prime factors of h.
2, 23
Let l(q) = -q**2 - 5*q. Let n(z) = z**2 + 5*z - 2. Let o be n(-4). Let g be l(o). Let j(c) = -3*c - 6. What are the prime factors of j(g)?
2, 3
Let q = -4 - -7. Suppose -q*c + 8 = c. Suppose c*a - 6*a - 37 = -3*f, 3*a = -3. What are the prime factors of f?
11
Suppose 360 = -4*g + 9*g. List the prime factors of g.
2, 3
Let m be 100/3*(10 - 13). What are the prime factors of (12 + -19)*m/14?
2, 5
Let u(a) = 57*a**2 + 3*a - 3. List the prime factors of u(2).
3, 7, 11
Let c(i) = 7*i. What are the prime factors of c(2)?
2, 7
Let r(b) = b**2 - 2*b + 3. Suppose 0 = -8*o + 3*o + 5*i + 10, 4*i = -3*o + 13. What are the prime factors of r(o)?
2, 3
Let p(a) be the second derivative of 1/3*a**4 + 0 + 5/2*a**2 - 1/20*a**5 + a + 1/6*a**3. List the prime factors of p(4).
3
Let z = 11 + 22. List the prime factors of z.
3, 11
Suppose 3*v = 5*v - 46. Let c = v - -1. Suppose -q = -3*q + c. List the prime factors of q.
2, 3
Let y(d) = -d - 1. Let j be y(-6). Let c(q) = q**3 - 4*q**2 - 2*q - 7. Let n be c(j). Let u = -3 + n. List the prime factors of u.
5
Suppose 2*q + 3*g + 17 = 4*g, 3*q = -g - 23. Let z = 13 + q. Let o = -3 + z. What are the prime factors of o?
2
What are the prime factors of 5 + (-3 + 5 - 3)?
2
Let t(b) = -b + 1. Let l(x) = x - 2. Let f(y) = -3*l(y) - 6*t(y). What are the prime factors of f(8)?
2, 3
Suppose 0 = 5*y + 5 - 45. List the prime factors of -24*(-1 - (-2)/y).
2, 3
Let c be (0 - -1) + (-45)/(-3). Suppose -r = 2*i - 14, -r - r = 2*i - c. What are the prime factors of i?
2, 3
Suppose -3*u + 43 = 7. Suppose -u = 5*t - 2. Let k = t - -8. List the prime factors of k.
2, 3
Suppose -5*d + 0*d = -110. Let l(t) = t + 8. Let r be l(6). Let a = d - r. List the prime factors of a.
2
Let d = -416 + 586. What are the prime factors of d?
2, 5, 17
Let h(b) = -36*b**3 + 2*b + 1. List the prime factors of h(-1).
5, 7
List the prime factors of ((-40)/(-50))/(1/5).
2
Let z(x) = -x**3 + 7*x**2 + x - 8. Let b be z(7). List the prime factors of b - (3 + 2)*-8.
3, 13
Let i = -7 - -15. List the prime factors of i.
2
Suppose 0 = 2*m + m - 12. Suppose 6 = 2*q + m*y, 4*q + q + y - 24 = 0. What are the prime factors of q?
5
Let c(m) = m**2 - m + 2. Let p(f) = f**3 + 6*f**2 - f - 1. Let z be p(-6). List the prime factors of c(z).
2, 11
Let w = -13 + -2. Suppose 3*d = 6*d - 84. Let a = d + w. List the prime factors of a.
13
Let p(w) = -w**2 + 7*w - 3. Let m be p(6). Suppose 0*j - 39 = m*j. Let a = -9 - j. List the prime factors of a.
2
Let b(w) = -2*w - 15. List the prime factors of b(-11).
7
Let u be 9/((-45)/100) + 5. Suppose 3*r - 4*b = -b + 81, 71 = 3*r - b. Let h = r + u. What are the prime factors of h?
7
Suppose 3*a - 60 = -0*a. What are the prime factors of a?
2, 5
Let j(u) = 3*u - 6. Let p be j(3). Suppose p*n - 48 - 81 = 0. What are the prime factors of n?
43
Suppose -2*p = -12 - 20. What are the prime factors of p?
2
Let j be (-7 + 6)/((-1)/(-7)). Let m(r) = -3*r - 6. What are the prime factors of m(j)?
3, 5
Suppose 6*n - 322 = 4*n. What are the prime factors of n?
7, 23
Let c = 164 - 104. Suppose -13 = -3*q - 4*a, -4*q - 4*a = -0*a - 16. Suppose -2*v + c = q*v. List the prime factors of v.
2, 3
Let a be (-3)/(-2*(-3)/(-8)). Suppose -a*f = -5*o + 12, -o = 5*f - 0*o - 14. Suppose -2*l = -f*s - 42, l + s + 69 = 5*l. What are the prime factors of l?
2
Let a be 6/(3 - 1) - 0. Suppose 2*t - a = 3. What are the prime factors of t?
3
Suppose 5*z + 3 = 5*p + 8, 3*p - 9 = -z. Suppose 7 = 4*n + 3*a, 4*n + 4*a = 2*a + 6. Let t = p + n. List the prime factors of t.
3
Suppose 0*x = 2*x. Let b = x + -2. List the prime factors of 6 - ((-2 - b) + 0).
2, 3
Let j be 3 - -2 - (0 - 1). Let t = j + 2. What are the prime factors of t?
2
Suppose b + 4 = -3*b. Let x be 1 + b + -2 + 4. Let n = x - -5. List the prime factors of n.
7
Let o = -68 - -235. What are the prime factors of o?
167
Let k(z) = -z - 3. Let x be k(-8). Suppose 3 = x*i - 2. Let r = 8 - i. List the prime factors of r.
7
Let p be 2/4 - 41/(-2). Let s be (-2)/(-3) - (-8)/6